{"id":9941,"date":"2024-04-09T12:59:29","date_gmt":"2024-04-09T12:59:29","guid":{"rendered":"https:\/\/com2000.hr\/trgovina\/?post_type=product&#038;p=9941"},"modified":"2026-01-08T07:27:49","modified_gmt":"2026-01-08T07:27:49","slug":"fujitsu-b24t-8-te-pro-24-lcd-full-hd1920x1080-169-crni","status":"publish","type":"product","link":"https:\/\/com2000.hr\/trgovina\/shop\/rabljeni-monitori\/lcd-22-27\/fujitsu-b24t-8-te-pro-24-lcd-full-hd1920x1080-169-crni\/","title":{"rendered":"Fujitsu B24T-8 TE PRO 24&#8243; LCD Full HD1920x1080 16:9 crni"},"content":{"rendered":"<ul>\n<li><strong><span style=\"color: #ff0000\">Jamstvo:12 mjeseci<\/span><\/strong><\/li>\n<li><span style=\"color: #ff0000\"><strong>Stanje:A<\/strong><\/span><\/li>\n<li>Proizvo\u0111a\u010d:Fujitsu<\/li>\n<li>Model:B24-8 TE PRO<\/li>\n<li>Veli\u010dina ekrana:24&#8243;<\/li>\n<li>Format ekrana:16:9<\/li>\n<li>Vrijeme odziva:5ms<\/li>\n<li>Rezolucija:1920&#215;1080<\/li>\n<li>Kontrast:1000:1<\/li>\n<li>Svjetlina:250 cd\/m2<\/li>\n<li>Priklju\u010dci:VGA,DVI,HDMI<\/li>\n<li>Posebnosti:<span style=\"color: #ff0000\">zvu\u010dnici,IPS panel,2xUSB<\/span><\/li>\n<li>Boja:<span style=\"color: #ff0000\">crna<\/span><\/li>\n<li>Te\u017eina:5.6kg<\/li>\n<li>Dimenzije (sa stalkom) \u0160xDxV:\u00a0553 x 229,4 x\u00a0347 mm<\/li>\n<li><span style=\"color: #ff0000\">Uz monitor isporu\u010dujemo DVI i naponski kabel\u00a0<\/span><\/li>\n<\/ul>\n<p>&nbsp;<\/p>\n<p>&nbsp;<\/p>\n","protected":false},"excerpt":{"rendered":"<p>Jamstvo:12 mjeseci Stanje:A Proizvo\u0111a\u010d:Fujitsu Model:B24-8 TE PRO Veli\u010dina ekrana:24&#8243; Format ekrana:16:9 Vrijeme odziva:5ms Rezolucija:1920&#215;1080 Kontrast:1000:1 Svjetlina:250 cd\/m2 Priklju\u010dci:VGA,DVI,HDMI Posebnosti:zvu\u010dnici,IPS panel,2xUSB Boja:crna Te\u017eina:5.6kg Dimenzije (sa stalkom) \u0160xDxV:\u00a0553 x 229,4 x\u00a0347 mm Uz monitor isporu\u010dujemo DVI i naponski kabel\u00a0 &nbsp; &nbsp;<\/p>\n","protected":false},"featured_media":9942,"template":"","meta":[],"product_cat":[146,72],"product_tag":[222,223,221],"_links":{"self":[{"href":"https:\/\/com2000.hr\/trgovina\/wp-json\/wp\/v2\/product\/9941"}],"collection":[{"href":"https:\/\/com2000.hr\/trgovina\/wp-json\/wp\/v2\/product"}],"about":[{"href":"https:\/\/com2000.hr\/trgovina\/wp-json\/wp\/v2\/types\/product"}],"wp:featuredmedia":[{"embeddable":true,"href":"https:\/\/com2000.hr\/trgovina\/wp-json\/wp\/v2\/media\/9942"}],"wp:attachment":[{"href":"https:\/\/com2000.hr\/trgovina\/wp-json\/wp\/v2\/media?parent=9941"}],"wp:term":[{"taxonomy":"product_cat","embeddable":true,"href":"https:\/\/com2000.hr\/trgovina\/wp-json\/wp\/v2\/product_cat?post=9941"},{"taxonomy":"product_tag","embeddable":true,"href":"https:\/\/com2000.hr\/trgovina\/wp-json\/wp\/v2\/product_tag?post=9941"}],"curies":[{"name":"wp","href":"https:\/\/api.w.org\/{rel}","templated":true}]}}