{"id":9402,"date":"2022-01-25T14:07:17","date_gmt":"2022-01-25T14:07:17","guid":{"rendered":"https:\/\/com2000.hr\/trgovina\/?post_type=product&#038;p=9402"},"modified":"2025-11-24T07:53:26","modified_gmt":"2025-11-24T07:53:26","slug":"genius-slimstar-126-tipkovnica-usb-crnazicna","status":"publish","type":"product","link":"https:\/\/com2000.hr\/trgovina\/shop\/dodatna-oprema\/genius-slimstar-126-tipkovnica-usb-crnazicna\/","title":{"rendered":"Genius SlimStar 126, HR tipkovnica, USB, crna,\u017ei\u010dna"},"content":{"rendered":"<p><strong>Vi\u0161e o proizvodu:<\/strong><\/p>\n<p>Proizvo\u0111a\u010d: <strong>GENIUS<br \/>\n<span style=\"color: #ff0000\">\u2022 potpuno nova oprema u originalnom pakiranju !!!<\/span><br \/>\n<\/strong><\/p>\n","protected":false},"excerpt":{"rendered":"<p>Vi\u0161e o proizvodu: Proizvo\u0111a\u010d: GENIUS \u2022 potpuno nova oprema u originalnom pakiranju !!!<\/p>\n","protected":false},"featured_media":9403,"template":"","meta":[],"product_cat":[74],"product_tag":[],"_links":{"self":[{"href":"https:\/\/com2000.hr\/trgovina\/wp-json\/wp\/v2\/product\/9402"}],"collection":[{"href":"https:\/\/com2000.hr\/trgovina\/wp-json\/wp\/v2\/product"}],"about":[{"href":"https:\/\/com2000.hr\/trgovina\/wp-json\/wp\/v2\/types\/product"}],"wp:featuredmedia":[{"embeddable":true,"href":"https:\/\/com2000.hr\/trgovina\/wp-json\/wp\/v2\/media\/9403"}],"wp:attachment":[{"href":"https:\/\/com2000.hr\/trgovina\/wp-json\/wp\/v2\/media?parent=9402"}],"wp:term":[{"taxonomy":"product_cat","embeddable":true,"href":"https:\/\/com2000.hr\/trgovina\/wp-json\/wp\/v2\/product_cat?post=9402"},{"taxonomy":"product_tag","embeddable":true,"href":"https:\/\/com2000.hr\/trgovina\/wp-json\/wp\/v2\/product_tag?post=9402"}],"curies":[{"name":"wp","href":"https:\/\/api.w.org\/{rel}","templated":true}]}}