{"id":8776,"date":"2025-01-10T12:10:04","date_gmt":"2025-01-10T12:10:04","guid":{"rendered":"https:\/\/com2000.hr\/trgovina\/?post_type=product&#038;p=8776"},"modified":"2026-04-16T10:00:23","modified_gmt":"2026-04-16T10:00:23","slug":"kasa-touch-komplet-fec-15-usb-nuc-micro-i3-10110u-8gb-ddr4-256gb-ssd-partner-rp330-termalni-usb-lan-printer","status":"publish","type":"product","link":"https:\/\/com2000.hr\/trgovina\/shop\/pc-blagajne\/kasa-touch-komplet-fec-15-usb-nuc-micro-i3-10110u-8gb-ddr4-256gb-ssd-partner-rp330-termalni-usb-lan-printer\/","title":{"rendered":"Kasa Touch komplet; Intel NUC i3-10110U 8GB DDR4 256GB SSD+Fec Am-1015 15&#8243; USB+Partner RP330 termalni USB\/LAN printer"},"content":{"rendered":"<p><a id=\"yui_3_16_0_1_1446018224853_2652\" href=\"https:\/\/www.msregrefurb.com\/RRPSite\/Information\/LicensingGuide\/LicensingGuide_en.pdf\">Vi\u0161e o Microsoft Windows MAR licenciranju:<\/a><\/p>\n<p><a id=\"yui_3_16_0_1_1446018224853_2652\" href=\"https:\/\/www.msregrefurb.com\/RRPSite\/Information\/LicensingGuide\/LicensingGuide_en.pdf\">https:\/\/www.msregrefurb.com\/RRPSite\/Information\/LicensingGuide\/LicensingGuide_en.pdf<\/a><\/p>\n<p><a href=\"http:\/\/com2000.hr\/wp-content\/uploads\/2016\/11\/Concealment-Usage-v2-1.pdf\">Ispravan na\u010din unosa licencnog klju\u010da s MAR Windows CoA stickera<\/a><\/p>\n<p>Uz svako ra\u010dunalo s predinstaliranim operativnim sustavom MAR Windows kupljenim kod COM 2000 dobivate:<br \/>\n&#8211;\u00a0100%\u00a0genuine\u00a0Microsoft\u00a0software;<br \/>\n&#8211; Antivirus software<br \/>\n&#8211; Sve potrebne drivere \u2013 Windows certified;<br \/>\n&#8211; Svaki system ima hard-disk-based recovery image.<\/p>\n<p><strong><strong>Vi\u0161e o proizvodu:<\/strong><\/strong><\/p>\n<p><span style=\"color: #ff0000\"><strong>Jamstvo:<\/strong>\u00a0<\/span><strong><span style=\"color: #ff0000\">12 mjeseci<\/span><\/strong><\/p>\n<p><strong><br \/>\n<\/strong><strong>Ra\u010dunalo:<\/strong><span style=\"color: #ff0000\"><strong>INTEL NUC10I3FNKN2 Micro PC I3-10110U (10th gen.) 8GB DDR4 RAM 256GB SSD,WIFI<\/strong><\/span><\/p>\n<p><strong>Monitor:<span style=\"color: #ff0000\">FEC AM-1015 15\u2033 TOUCH monitor 1024\u00d7768, A stanje<\/span><\/strong><\/p>\n<p><strong>Printer:<span style=\"color: #ff0000\">Partner RP 330 mre\u017eni POS pisa\u010d s reza\u010dem, 250mm\/s, 80mm, Interfaces: USB,Ethernet, QR-Code<\/span><\/strong><\/p>\n<div><\/div>\n","protected":false},"excerpt":{"rendered":"<p>Vi\u0161e o Microsoft Windows MAR licenciranju: https:\/\/www.msregrefurb.com\/RRPSite\/Information\/LicensingGuide\/LicensingGuide_en.pdf Ispravan na\u010din unosa licencnog klju\u010da s MAR Windows CoA stickera Uz svako ra\u010dunalo s predinstaliranim operativnim sustavom MAR Windows kupljenim kod COM 2000 dobivate: &#8211;\u00a0100%\u00a0genuine\u00a0Microsoft\u00a0software; &#8211; Antivirus software &#8211; Sve potrebne drivere \u2013 Windows certified; &#8211; Svaki system ima hard-disk-based recovery image. Vi\u0161e o proizvodu: Jamstvo:\u00a012 mjeseci Ra\u010dunalo:INTEL [&#8230;]\n","protected":false},"featured_media":10563,"template":"","meta":[],"product_cat":[87,69],"product_tag":[183,390,389,133,178,180],"_links":{"self":[{"href":"https:\/\/com2000.hr\/trgovina\/wp-json\/wp\/v2\/product\/8776"}],"collection":[{"href":"https:\/\/com2000.hr\/trgovina\/wp-json\/wp\/v2\/product"}],"about":[{"href":"https:\/\/com2000.hr\/trgovina\/wp-json\/wp\/v2\/types\/product"}],"wp:featuredmedia":[{"embeddable":true,"href":"https:\/\/com2000.hr\/trgovina\/wp-json\/wp\/v2\/media\/10563"}],"wp:attachment":[{"href":"https:\/\/com2000.hr\/trgovina\/wp-json\/wp\/v2\/media?parent=8776"}],"wp:term":[{"taxonomy":"product_cat","embeddable":true,"href":"https:\/\/com2000.hr\/trgovina\/wp-json\/wp\/v2\/product_cat?post=8776"},{"taxonomy":"product_tag","embeddable":true,"href":"https:\/\/com2000.hr\/trgovina\/wp-json\/wp\/v2\/product_tag?post=8776"}],"curies":[{"name":"wp","href":"https:\/\/api.w.org\/{rel}","templated":true}]}}