{"id":8667,"date":"2022-03-25T13:15:32","date_gmt":"2022-03-25T13:15:32","guid":{"rendered":"https:\/\/com2000.hr\/trgovina\/?post_type=product&#038;p=8667"},"modified":"2023-02-16T11:20:47","modified_gmt":"2023-02-16T11:20:47","slug":"hp-elitedesk-800g4-sff-i3-8300-8th-gen-8gb-ddr4-ram-256-gb-ssd-win-10-bios-locked","status":"publish","type":"product","link":"https:\/\/com2000.hr\/trgovina\/shop\/rabljena-racunala\/i3\/hp-elitedesk-800g4-sff-i3-8300-8th-gen-8gb-ddr4-ram-256-gb-ssd-win-10-bios-locked\/","title":{"rendered":"HP EliteDesk 800G4 SFF i3-8300 (8th gen.) 8GB DDR4 RAM 256 GB M2 SSD Win 10 bios locked (Win 11 ready)"},"content":{"rendered":"<p><strong><span style=\"text-decoration: underline;font-size: 110%\">Uz svako ra\u010dunalo s kupljenim predinstaliranim operativnim sustavom Windows 10 ili 11 dobivate:<\/span><\/strong><br \/>\n&#8211; digitalno upisanu licencu Windows 10H\/P ili Windows 11H\/P u bios-u ra\u010dunala;<br \/>\n&#8211; hologramsku Microsoft naljepnicu na ra\u010dunalu kao potvrdu autenti\u010dnosti originalnog Microsoft softwarea;<br \/>\n&#8211; dnevno a\u017euriran Microsoft Antivirus program;<br \/>\n&#8211; sve drivere potrebne za ra\u010dunalo dostupne kroz Windows update \u2013 Windows certified;<\/p>\n<p><strong><strong>Vi\u0161e o proizvodu:<\/strong><\/strong><\/p>\n<p>Proizvo\u0111a\u010d: <strong>HP<\/strong><br \/>\n<span style=\"color: #ff0000\"><strong>Jamstvo:<\/strong>\u00a0<\/span><strong><span style=\"color: #ff0000\">12 mjeseci<\/span><br \/>\n<\/strong><strong>CoA Sticker: Win.10 Bios<\/strong><\/p>\n<div>\n<p><strong>Model:EliteDesk 800 G4<\/strong><br \/>\n<strong>Procesor:\u00a0<\/strong>Intel\u00ae Core\u2122 <strong><span style=\"color: #ff0000\"><em>i3<\/em>&#8211;<em>8300<\/em><\/span><\/strong> Processor (8M Cache, up to 3.70 GHz)<br \/>\n<strong>Memorija: <span style=\"color: #ff0000\">8<\/span><span style=\"color: #ff0000\">GB DDR4<\/span><\/strong><br \/>\n<strong>Hdd: <span style=\"color: #ff0000\">256<\/span><\/strong><span style=\"color: #ff0000\"><strong>GB M2 SSD<\/strong>\u00a0(mogu\u0107nost ugradnje dodatnih diskova)<\/span><br \/>\n<strong>Raid:<\/strong>\u00a0<strong>DA<\/strong><br \/>\n<strong>Opti\u010dki ure\u0111aj:NE<\/strong><br \/>\n<strong>Grafi\u010dka kartica: Intel<\/strong> <strong>HD 530<\/strong><\/p>\n<p><strong>Display port:\u00a0<span style=\"color: #ff0000\">2x<\/span><\/strong><br \/>\n<strong>VGA:<\/strong> <span style=\"color: #ff0000\"><strong>NE ( za spajanje na monitor preko VGA potrebno je kupiti adapter)<\/strong><\/span><br \/>\n<strong>Usb:<\/strong>\u00a04xUSB 2.0,\u00a0<span style=\"color: #ff0000\"><strong>6xUSB 3.0,1xUSB type C<\/strong><\/span><br \/>\n<strong>Serijski port:<\/strong> <strong>NE<\/strong><br \/>\n<strong>Paralelni port:<span style=\"color: #333333\"> <span style=\"color: #ff0000\">NE (kupuje se zasebno)<\/span><\/span><\/strong><br \/>\n<strong>PS\/2:<\/strong>\u00a0NE<br \/>\n<strong>Zvu\u010dna kartica:DA<\/strong><br \/>\n<strong>Mre\u017ena kartica-brzina [Mbit]:<\/strong>\u00a010\/100\/1000<br \/>\n<strong>Utori za pro\u0161irenje:<\/strong>\u00a01xPCI Lowprof., 2xPCI Ex 8x Low prof.,<span style=\"color: #ff0000\"><strong>1xPCI Express x16 (v3.0<\/strong>)<\/span>, 4xDIMM,3xS-ATA,<strong><span style=\"color: #ff0000\">2x<\/span><\/strong> <strong><span style=\"color: #ff0000\">M.2 PCIe Gen3x4-2280 NMVe\u00a0<\/span><\/strong><br \/>\n<strong>Ku\u0107i\u0161te\/dimenzije:<\/strong>\u00a0<span style=\"color: #ff0000\"><strong>SFF, dimenzije ku\u0107i\u0161ta: 100 x 320 x 340 mm<\/strong><\/span><\/p>\n<p><span style=\"background-color: #ffff00\"><strong>Slike artikala su ilustrativne prirode te ne moraju u potpunosti odgovarati artiklima.<\/strong><\/span><\/p>\n<\/div>\n","protected":false},"excerpt":{"rendered":"<p>Uz svako ra\u010dunalo s kupljenim predinstaliranim operativnim sustavom Windows 10 ili 11 dobivate: &#8211; digitalno upisanu licencu Windows 10H\/P ili Windows 11H\/P u bios-u ra\u010dunala; &#8211; hologramsku Microsoft naljepnicu na ra\u010dunalu kao potvrdu autenti\u010dnosti originalnog Microsoft softwarea; &#8211; dnevno a\u017euriran Microsoft Antivirus program; &#8211; sve drivere potrebne za ra\u010dunalo dostupne kroz Windows update \u2013 Windows [&#8230;]\n","protected":false},"featured_media":9021,"template":"","meta":[],"product_cat":[140,86],"product_tag":[252,253,193,123,155,162],"_links":{"self":[{"href":"https:\/\/com2000.hr\/trgovina\/wp-json\/wp\/v2\/product\/8667"}],"collection":[{"href":"https:\/\/com2000.hr\/trgovina\/wp-json\/wp\/v2\/product"}],"about":[{"href":"https:\/\/com2000.hr\/trgovina\/wp-json\/wp\/v2\/types\/product"}],"wp:featuredmedia":[{"embeddable":true,"href":"https:\/\/com2000.hr\/trgovina\/wp-json\/wp\/v2\/media\/9021"}],"wp:attachment":[{"href":"https:\/\/com2000.hr\/trgovina\/wp-json\/wp\/v2\/media?parent=8667"}],"wp:term":[{"taxonomy":"product_cat","embeddable":true,"href":"https:\/\/com2000.hr\/trgovina\/wp-json\/wp\/v2\/product_cat?post=8667"},{"taxonomy":"product_tag","embeddable":true,"href":"https:\/\/com2000.hr\/trgovina\/wp-json\/wp\/v2\/product_tag?post=8667"}],"curies":[{"name":"wp","href":"https:\/\/api.w.org\/{rel}","templated":true}]}}