{"id":10469,"date":"2025-12-09T14:04:11","date_gmt":"2025-12-09T14:04:11","guid":{"rendered":"https:\/\/com2000.hr\/trgovina\/?post_type=product&#038;p=10469"},"modified":"2026-04-14T08:12:15","modified_gmt":"2026-04-14T08:12:15","slug":"dell-7210-2-in-1-12-touchintel-core-i5-10310u-10th-gen-16gb-ram-512gb-ssd-u-dolasku","status":"publish","type":"product","link":"https:\/\/com2000.hr\/trgovina\/shop\/prijenosna-racunala\/dell-7210-2-in-1-12-touchintel-core-i5-10310u-10th-gen-16gb-ram-512gb-ssd-u-dolasku\/","title":{"rendered":"Dell 7210 2-IN-1 12.3&#8243; Touch,Intel Core i5-10310U (10th gen.) 16GB RAM 512GB SSD Win 10\/11DL u biosu"},"content":{"rendered":"<p><a id=\"yui_3_16_0_1_1446018224853_2652\" href=\"https:\/\/www.msregrefurb.com\/RRPSite\/Information\/LicensingGuide\/LicensingGuide_en.pdf\">Vi\u0161e o Microsoft Windows MAR licenciranju:<\/a><\/p>\n<p><a id=\"yui_3_16_0_1_1446018224853_2652\" href=\"https:\/\/www.msregrefurb.com\/RRPSite\/Information\/LicensingGuide\/LicensingGuide_en.pdf\">https:\/\/www.msregrefurb.com\/RRPSite\/Information\/LicensingGuide\/LicensingGuide_en.pdf<\/a><\/p>\n<p><a href=\"http:\/\/com2000.hr\/wp-content\/uploads\/2016\/11\/Concealment-Usage-v2-1.pdf\">Ispravan na\u010din unosa licencnog klju\u010da s MAR Windows CoA stickera<\/a><\/p>\n<p>Uz svako ra\u010dunalo s predinstaliranim operativnim sustavom MAR Windows kupljenim kod COM 2000 dobivate:<br \/>\n&#8211;\u00a0100%\u00a0genuine\u00a0Microsoft\u00a0software;<br \/>\n&#8211; Antivirus software<br \/>\n&#8211; Sve potrebne drivere \u2013 Windows certified;<br \/>\n&#8211; Svaki system ima hard-disk-based recovery image.<\/p>\n<p><strong>Vi\u0161e o proizvodu:<\/strong><\/p>\n<p><span style=\"color: #ff0000\">\u2022\u00a0UZ SVAKO PRIJENOSNO RA\u010cUNALO POKLANJAMO NALJEPNICE SA HR\u00a0ZNAKOVIMA<\/span><\/p>\n<p><span style=\"color: #ff0000\">\u2022 Jamstvo: 12 mjeseci<\/span><br \/>\n\u2022 CoA sticker: Win.10\/11 Pro. Bios<strong><br \/>\n<\/strong><\/p>\n<p>\u2022 Procesor:<span style=\"color: #ff0000\">Intel Core i5-10310U with Intel HD Graphics 515 (1.2GHz, up to 3.7 GHz with Intel Turbo Boost Technology, 6 MB cache, 4 cores), vPro Support<\/span><\/p>\n<p>\u2022 Zaslon:<strong><span style=\"color: #ff0000\"> 12.3-inch FHD WUXGA (1920&#215;1280) AR+AS touchscreen<\/span><\/strong><br \/>\n\u2022 Grafi\u010dki sustav: Intel Whiskeylake-U GT2 (UHD620)<br \/>\n\u2022 Radna memorija:<strong><span style=\"color: #ff0000\">16 GB LPDDR4 SDRAM<\/span><\/strong><br \/>\n\u2022 Tvrdi disk: <strong><span style=\"color: #ff0000\">512 GB SSD M2<\/span><\/strong><br \/>\n\u2022 Opti\u010dki ure\u0111aj:\u00a0ne<br \/>\n\u2022 Dimenzije (bez tipkovnice): 292 x 208.8 x 9,35mm<br \/>\n\u2022 Masa ure\u0111aja: 0,85kg (samo tablet)<br \/>\n\u2022 Baterija:38 WHr 2-Cell battery<\/p>\n<p>\u2022 Mre\u017ea: NE<br \/>\n\u2022 Be\u017ei\u010dna mre\u017ea: da (802.11ac\/b\/g\/n)<br \/>\n\u2022 Bluetooth\/<span style=\"color: #ff0000\">4G<\/span>: da\/<strong><span style=\"color: #ff0000\">NE<\/span><\/strong><br \/>\n\u2022 Audio ulazi\/izlazi: da<br \/>\n\u2022 Display port:\u00a0NE<br \/>\n\u2022 USB podr\u0161ka:<span style=\"color: #ff0000\"><strong>2x USB Type-C, 1x USB 3.1 (supports Thunderbolt 3)<\/strong><\/span><br \/>\n\u2022 \u010cita\u010d kartica (osobna isk.)\/<span style=\"color: #ff0000\">Pen<\/span>: <strong>DA<\/strong>\/<span style=\"color: #ff0000\">NE<\/span><br \/>\n\u2022 Kamera: da<br \/>\n\u2022 Boja: srebrna<\/p>\n<p><span style=\"color: #ff0000\"><strong>\u2022 Stanje: A<\/strong><\/span><\/p>\n<p><span style=\"background-color: #ffff00\"><strong>Slike artikala su ilustrativne prirode te ne moraju u potpunosti odgovarati artiklima.<\/strong><\/span><\/p>\n","protected":false},"excerpt":{"rendered":"<p>Vi\u0161e o Microsoft Windows MAR licenciranju: https:\/\/www.msregrefurb.com\/RRPSite\/Information\/LicensingGuide\/LicensingGuide_en.pdf Ispravan na\u010din unosa licencnog klju\u010da s MAR Windows CoA stickera Uz svako ra\u010dunalo s predinstaliranim operativnim sustavom MAR Windows kupljenim kod COM 2000 dobivate: &#8211;\u00a0100%\u00a0genuine\u00a0Microsoft\u00a0software; &#8211; Antivirus software &#8211; Sve potrebne drivere \u2013 Windows certified; &#8211; Svaki system ima hard-disk-based recovery image. Vi\u0161e o proizvodu: \u2022\u00a0UZ SVAKO PRIJENOSNO [&#8230;]\n","protected":false},"featured_media":10271,"template":"","meta":[],"product_cat":[85],"product_tag":[339,338,377,336,376],"_links":{"self":[{"href":"https:\/\/com2000.hr\/trgovina\/wp-json\/wp\/v2\/product\/10469"}],"collection":[{"href":"https:\/\/com2000.hr\/trgovina\/wp-json\/wp\/v2\/product"}],"about":[{"href":"https:\/\/com2000.hr\/trgovina\/wp-json\/wp\/v2\/types\/product"}],"wp:featuredmedia":[{"embeddable":true,"href":"https:\/\/com2000.hr\/trgovina\/wp-json\/wp\/v2\/media\/10271"}],"wp:attachment":[{"href":"https:\/\/com2000.hr\/trgovina\/wp-json\/wp\/v2\/media?parent=10469"}],"wp:term":[{"taxonomy":"product_cat","embeddable":true,"href":"https:\/\/com2000.hr\/trgovina\/wp-json\/wp\/v2\/product_cat?post=10469"},{"taxonomy":"product_tag","embeddable":true,"href":"https:\/\/com2000.hr\/trgovina\/wp-json\/wp\/v2\/product_tag?post=10469"}],"curies":[{"name":"wp","href":"https:\/\/api.w.org\/{rel}","templated":true}]}}