{"id":10460,"date":"2026-01-25T09:14:54","date_gmt":"2026-01-25T09:14:54","guid":{"rendered":"https:\/\/com2000.hr\/trgovina\/?post_type=product&#038;p=10460"},"modified":"2026-03-06T09:00:56","modified_gmt":"2026-03-06T09:00:56","slug":"wincor-ba91w-101-touch-monitor","status":"publish","type":"product","link":"https:\/\/com2000.hr\/trgovina\/shop\/rabljeni-monitori\/touch\/wincor-ba91w-101-touch-monitor\/","title":{"rendered":"Wincor  BA91W 10,1&#8243; touch monitor 1280&#215;800,refurbished (bez stalka-stalak uz doplatu)"},"content":{"rendered":"<ul>\n<li><strong><span style=\"color: #ff0000\">Jamstvo: 12 mjeseci<\/span><\/strong><\/li>\n<li>Proizvo\u0111a\u010d: Wincor-Nixdorf<\/li>\n<li>Model: BA91W<\/li>\n<li>Veli\u010dina ekrana: 10.1&#8243; TN w\/LED backlight<\/li>\n<li>Format ekrana: 16:10<\/li>\n<li>Vrijeme odziva: 16ms<\/li>\n<li>Rezolucija: 1280&#215;800<\/li>\n<li>Kontrast: 800:1<\/li>\n<li>Svjetlina: 300 cd\/m2<\/li>\n<li>Priklju\u010dci: <span style=\"color: #ff0000\"><strong>DVI, USB<\/strong><\/span><\/li>\n<li>Posebnosti:Touch USB, <span style=\"color: #ff0000\">Projected Capacitive Touch, &gt; 10 points<\/span><\/li>\n<li>Boja: crna<\/li>\n<li>Te\u017eina: 1.05kg<\/li>\n<li>Dimenzije (bez stalka) mm: \u0160xDxV:183,6 x 264 x 33<\/li>\n<li><span style=\"color: #ff0000\">Uz monitor dolaze svi potrebni kablovi (DVI,USB,napajanje)<\/span><\/li>\n<li>Vesa (mm) :75&#215;75<\/li>\n<\/ul>\n","protected":false},"excerpt":{"rendered":"<p>Jamstvo: 12 mjeseci Proizvo\u0111a\u010d: Wincor-Nixdorf Model: BA91W Veli\u010dina ekrana: 10.1&#8243; TN w\/LED backlight Format ekrana: 16:10 Vrijeme odziva: 16ms Rezolucija: 1280&#215;800 Kontrast: 800:1 Svjetlina: 300 cd\/m2 Priklju\u010dci: DVI, USB Posebnosti:Touch USB, Projected Capacitive Touch, &gt; 10 points Boja: crna Te\u017eina: 1.05kg Dimenzije (bez stalka) mm: \u0160xDxV:183,6 x 264 x 33 Uz monitor dolaze svi potrebni [&#8230;]\n","protected":false},"featured_media":10518,"template":"","meta":[],"product_cat":[69,144],"product_tag":[],"_links":{"self":[{"href":"https:\/\/com2000.hr\/trgovina\/wp-json\/wp\/v2\/product\/10460"}],"collection":[{"href":"https:\/\/com2000.hr\/trgovina\/wp-json\/wp\/v2\/product"}],"about":[{"href":"https:\/\/com2000.hr\/trgovina\/wp-json\/wp\/v2\/types\/product"}],"wp:featuredmedia":[{"embeddable":true,"href":"https:\/\/com2000.hr\/trgovina\/wp-json\/wp\/v2\/media\/10518"}],"wp:attachment":[{"href":"https:\/\/com2000.hr\/trgovina\/wp-json\/wp\/v2\/media?parent=10460"}],"wp:term":[{"taxonomy":"product_cat","embeddable":true,"href":"https:\/\/com2000.hr\/trgovina\/wp-json\/wp\/v2\/product_cat?post=10460"},{"taxonomy":"product_tag","embeddable":true,"href":"https:\/\/com2000.hr\/trgovina\/wp-json\/wp\/v2\/product_tag?post=10460"}],"curies":[{"name":"wp","href":"https:\/\/api.w.org\/{rel}","templated":true}]}}