{"id":10428,"date":"2025-10-25T12:14:54","date_gmt":"2025-10-25T12:14:54","guid":{"rendered":"https:\/\/com2000.hr\/trgovina\/?post_type=product&#038;p=10428"},"modified":"2026-03-25T14:45:24","modified_gmt":"2026-03-25T14:45:24","slug":"hp-probook-x360-laptop-tablet-touch-11-6-intel-pentium-silver-n5030-8gb-ddr4-ram-256gb-m2-ssd-win10-11dl-bios","status":"publish","type":"product","link":"https:\/\/com2000.hr\/trgovina\/shop\/prijenosna-racunala\/hp-probook-x360-laptop-tablet-touch-11-6-intel-pentium-silver-n5030-8gb-ddr4-ram-256gb-m2-ssd-win10-11dl-bios\/","title":{"rendered":"HP ProBook X360 11 G5 EE Laptop\/Tablet Touch ekran 11.6&#8243;, Intel Pentium Silver N5030, 8GB DDR4 RAM 256GB M2 SSD Win10\/Win11DL u biosu"},"content":{"rendered":"<p><strong>Uz svako ra\u010dunalo s kupljenom MAR digitalnom licencom i predinstaliranim operativnim sustavom Windows 10 ili 11 dobivate:<\/strong><br \/>\n\u2013 digitalno upisanu licencu Windows 10Home\/Pro ili Windows 11Home\/Pro;<br \/>\n\u2013 hologramsku Microsoft naljepnicu na ra\u010dunalu kao potvrdu autenti\u010dnosti originalnog Microsoft softwarea;<br \/>\n\u2013 dnevno a\u017euran operativni sustav i Microsoft Antivirus program;<br \/>\n\u2013 sve drivere potrebne za ra\u010dunalo dostupne kroz Windows update \u2013 Windows certified;<\/p>\n<p><strong>Vi\u0161e o proizvodu:<\/strong><\/p>\n<p><span style=\"color: #ff0000\">\u2022\u00a0UZ SVAKO PRIJENOSNO RA\u010cUNALO POKLANJAMO NALJEPNICE SA HR\u00a0ZNAKOVIMA<\/span><\/p>\n<p>Proizvo\u0111a\u010d: <strong>HP<span style=\"color: #ff0000\"><br \/>\n<\/span><span style=\"color: #ff0000\">\u2022 Jamstvo: 12 mjeseci<br \/>\n<\/span><\/strong>\u2022 CoA sticker: <strong><span style=\"color: #ff0000\">Win.10Pro.Education DL<\/span><br \/>\n<\/strong><\/p>\n<p>\u2022 <span style=\"color: #ff0000\"><strong>Procesor: Intel\u00aePentium\u00aeSilver N5030 (4M Cache, up to 3.10 GHz) &#8211; podr\u017eava Windows 11<br \/>\n<\/strong><\/span>\u2022 Zaslon:<span style=\"color: #ff0000\"> 11.6&#8243;(1368&#215;768) Touch<\/span><br \/>\n\u2022 Grafi\u010dki sustav: Intel UHD Graphics 605<br \/>\n\u2022 Radna memorija: <strong><span style=\"color: #ff0000\">8GB DDR4<\/span><\/strong><br \/>\n\u2022 Tvrdi disk: <strong><span style=\"color: #ff0000\">256 GB SSD M2<\/span><\/strong><br \/>\n\u2022 Opti\u010dki ure\u0111aj:\u00a0ne<br \/>\n\u2022 Dimenzije: 300 x 205.3 x 21.20mm<br \/>\n\u2022 Masa ure\u0111aja: 1.43kg<br \/>\n\u2022 Baterija: Integrated Lithium Polymer 3-cell (42Wh)<br \/>\n\u2022 Mre\u017ea (Lan): <strong><span style=\"color: #ff0000\">DA<\/span><\/strong><br \/>\n\u2022 Be\u017ei\u010dna mre\u017ea:<span style=\"color: #ff0000\"><strong> da<\/strong><\/span> (802.11ac\/b\/g\/n)<br \/>\n\u2022 Bluetooth\/<span style=\"color: #ff0000\">4G<\/span>: da\/<span style=\"color: #ff0000\">ne<\/span><br \/>\n\u2022 Audio ulazi\/izlazi: da<br \/>\n\u2022 <strong><span style=\"color: #ff0000\">HDMI:\u00a0DA<\/span><\/strong><br \/>\n\u2022 USB podr\u0161ka: <span style=\"color: #ff0000\">2x USB 3.0,1xUSB Type-C<\/span><br \/>\n\u2022 \u010cita\u010d kartica\/<span style=\"color: #ff0000\">Pen<\/span>: ne\/<span style=\"color: #ff0000\">NE<\/span><br \/>\n\u2022 Kamera: 1x<br \/>\n\u2022 Boja: tamno plava<\/p>\n<p><span style=\"color: #ff0000\"><strong>\u2022 Stanje: A<\/strong><\/span><\/p>\n","protected":false},"excerpt":{"rendered":"<p>Uz svako ra\u010dunalo s kupljenom MAR digitalnom licencom i predinstaliranim operativnim sustavom Windows 10 ili 11 dobivate: \u2013 digitalno upisanu licencu Windows 10Home\/Pro ili Windows 11Home\/Pro; \u2013 hologramsku Microsoft naljepnicu na ra\u010dunalu kao potvrdu autenti\u010dnosti originalnog Microsoft softwarea; \u2013 dnevno a\u017euran operativni sustav i Microsoft Antivirus program; \u2013 sve drivere potrebne za ra\u010dunalo dostupne kroz [&#8230;]\n","protected":false},"featured_media":10429,"template":"","meta":[],"product_cat":[85],"product_tag":[372,367,368,369,370],"_links":{"self":[{"href":"https:\/\/com2000.hr\/trgovina\/wp-json\/wp\/v2\/product\/10428"}],"collection":[{"href":"https:\/\/com2000.hr\/trgovina\/wp-json\/wp\/v2\/product"}],"about":[{"href":"https:\/\/com2000.hr\/trgovina\/wp-json\/wp\/v2\/types\/product"}],"wp:featuredmedia":[{"embeddable":true,"href":"https:\/\/com2000.hr\/trgovina\/wp-json\/wp\/v2\/media\/10429"}],"wp:attachment":[{"href":"https:\/\/com2000.hr\/trgovina\/wp-json\/wp\/v2\/media?parent=10428"}],"wp:term":[{"taxonomy":"product_cat","embeddable":true,"href":"https:\/\/com2000.hr\/trgovina\/wp-json\/wp\/v2\/product_cat?post=10428"},{"taxonomy":"product_tag","embeddable":true,"href":"https:\/\/com2000.hr\/trgovina\/wp-json\/wp\/v2\/product_tag?post=10428"}],"curies":[{"name":"wp","href":"https:\/\/api.w.org\/{rel}","templated":true}]}}