{"id":10164,"date":"2024-10-03T12:40:30","date_gmt":"2024-10-03T12:40:30","guid":{"rendered":"https:\/\/com2000.hr\/trgovina\/?post_type=product&#038;p=10164"},"modified":"2026-04-02T13:08:45","modified_gmt":"2026-04-02T13:08:45","slug":"datalogic-qd2430-2d-bar-kod-laser-sivi-usb","status":"publish","type":"product","link":"https:\/\/com2000.hr\/trgovina\/shop\/pc-blagajne\/datalogic-qd2430-2d-bar-kod-laser-sivi-usb\/","title":{"rendered":"Datalogic QD2430 1D\/2D (QR) bar kod \u010dita\u010d laser, crni, USB, sa stalkom"},"content":{"rendered":"<p><strong>Vi\u0161e o proizvodu:<\/strong><\/p>\n<p>Proizvo\u0111a\u010d: <strong>DATALOGIC-SYMBOL<br \/>\n<span style=\"color: #ff0000\">\u2022 refurbished oprema; stanje: A<br \/>\n<\/span><span style=\"color: #ff0000\">\u2022 Jamstvo: 12 mjeseci<\/span><\/strong><\/p>\n<p>-Softwer za konfiguriranje ure\u0111aja:<a href=\"https:\/\/www.zebra.com\/us\/en\/support-downloads\/scanners\/general-purpose-scanners\/ls2208.html\">https:\/\/www.zebra.com\/us\/en\/support-downloads\/scanners\/general-purpose-scanners\/ls2208.html<\/a><\/p>\n<p>&nbsp;<\/p>\n<table>\n<tbody>\n<tr valign=\"top\">\n<td><b>Model<\/b><\/td>\n<td>QD2430<br \/>\nRu\u010dni laserski bar kod \u010dita\u010d,(sa stalkom)<\/td>\n<\/tr>\n<tr valign=\"top\">\n<td><b>Su\u010delje<\/b><\/td>\n<td>U paketu s USB kablom<\/td>\n<\/tr>\n<tr valign=\"top\">\n<td><b>Osvjetljenje<\/b><\/td>\n<td>650 nm laserska dioda<\/td>\n<\/tr>\n<tr valign=\"top\">\n<td><b>Dubina \u010ditanja<\/b><\/td>\n<td>Nominalna razdaljina je 43 cm za 100% U.P.C.\/EAN simbole<\/td>\n<\/tr>\n<tr valign=\"top\">\n<td><b>Brzina<\/b><\/td>\n<td>100 skenova u sekundi<\/td>\n<\/tr>\n<tr valign=\"top\">\n<td><b>Struja<\/b><\/td>\n<td>130 mA tipi\u010dno, 175 mA max<\/td>\n<\/tr>\n<tr>\n<td><\/td>\n<td><\/td>\n<\/tr>\n<tr valign=\"top\">\n<td><b>Vrsta<\/b><\/td>\n<td>Bi-directional<\/td>\n<\/tr>\n<tr valign=\"top\">\n<td><b>Dimenzije i masa<\/b><\/td>\n<td>16.3 x 9.1 x 4.1 cm<br \/>\n145 g<\/td>\n<\/tr>\n<tr>\n<td><\/td>\n<td><\/td>\n<\/tr>\n<tr>\n<td><\/td>\n<td><\/td>\n<\/tr>\n<tr valign=\"top\">\n<td><b>Ostalo<\/b><\/td>\n<td>Kompatibilan s Reduced Space Symbology\u00ae (RSS)<br \/>\nMogu\u0107nost dekodiranja Global Trade Item Number\u2122 (GTIN\u2122)<br \/>\nAdvanced Data Formatting (ADF) omogu\u0107ava korisnicima da izmijene podatak prije nego ga po\u0161alju na ra\u010dunalo<br \/>\nLED i zvu\u010dni signal s podesivom glasno\u0107om<br \/>\n2D codes:2D CAztec Code; Aztec Mesas; Data Matrix; MaxiCode;<br \/>\n<strong><span style=\"color: #ff0000\">QR Code, Micro QR Code<\/span><\/strong>; China Han Xin Code<\/td>\n<\/tr>\n<\/tbody>\n<\/table>\n","protected":false},"excerpt":{"rendered":"<p>Vi\u0161e o proizvodu: Proizvo\u0111a\u010d: DATALOGIC-SYMBOL \u2022 refurbished oprema; stanje: A \u2022 Jamstvo: 12 mjeseci -Softwer za konfiguriranje ure\u0111aja:https:\/\/www.zebra.com\/us\/en\/support-downloads\/scanners\/general-purpose-scanners\/ls2208.html &nbsp; Model QD2430 Ru\u010dni laserski bar kod \u010dita\u010d,(sa stalkom) Su\u010delje U paketu s USB kablom Osvjetljenje 650 nm laserska dioda Dubina \u010ditanja Nominalna razdaljina je 43 cm za 100% U.P.C.\/EAN simbole Brzina 100 skenova u sekundi Struja [&#8230;]\n","protected":false},"featured_media":10165,"template":"","meta":[],"product_cat":[69],"product_tag":[70],"_links":{"self":[{"href":"https:\/\/com2000.hr\/trgovina\/wp-json\/wp\/v2\/product\/10164"}],"collection":[{"href":"https:\/\/com2000.hr\/trgovina\/wp-json\/wp\/v2\/product"}],"about":[{"href":"https:\/\/com2000.hr\/trgovina\/wp-json\/wp\/v2\/types\/product"}],"wp:featuredmedia":[{"embeddable":true,"href":"https:\/\/com2000.hr\/trgovina\/wp-json\/wp\/v2\/media\/10165"}],"wp:attachment":[{"href":"https:\/\/com2000.hr\/trgovina\/wp-json\/wp\/v2\/media?parent=10164"}],"wp:term":[{"taxonomy":"product_cat","embeddable":true,"href":"https:\/\/com2000.hr\/trgovina\/wp-json\/wp\/v2\/product_cat?post=10164"},{"taxonomy":"product_tag","embeddable":true,"href":"https:\/\/com2000.hr\/trgovina\/wp-json\/wp\/v2\/product_tag?post=10164"}],"curies":[{"name":"wp","href":"https:\/\/api.w.org\/{rel}","templated":true}]}}