{"id":5870,"date":"2018-03-26T17:23:34","date_gmt":"2018-03-26T17:23:34","guid":{"rendered":"https:\/\/com2000.hr\/trgovina\/?page_id=5870"},"modified":"2020-11-28T11:55:30","modified_gmt":"2020-11-28T11:55:30","slug":"nacini-placanja","status":"publish","type":"page","link":"https:\/\/com2000.hr\/trgovina\/nacini-placanja\/","title":{"rendered":"Na\u010dini pla\u0107anja"},"content":{"rendered":"<p><strong>Na\u010dini pla\u0107anja<\/strong><\/p>\n<p><strong>PLA\u0106ANJE ONLINE<\/strong><\/p>\n<p><strong>Uplatom:<\/strong>\u00a0internet bankarstvom ili uplatnicom.<br \/>\nNakon napravljene narud\u017ebe na Va\u0161 email \u0107e sti\u0107i ponuda po kojoj vr\u0161ite uplatu virmanom, op\u0107om uplatnicom ili internet bankarstvom. Po primitku uplate stavljamo robu na isporuku GLS-u.<\/p>\n<p>Uplate po karticama isporu\u010dujemo slijede\u0107i radni dan po primitku obavijesti o odobrenju od banke.<\/p>\n<p><strong>Karticama on-line odjednom:\u00a0<\/strong><\/p>\n<ul>\n<li><span style=\"font-size: 110%\">Diners<\/span><\/li>\n<li><span style=\"font-size: 110%\">American Express<\/span><\/li>\n<li><span style=\"font-size: 110%\">MasterCard<\/span><\/li>\n<li><span style=\"font-size: 110%\">Visa\/Maestro<\/span><\/li>\n<\/ul>\n<p><strong>Karticama on-line na rate:\u00a0<\/strong><\/p>\n<ul>\n<li><span style=\"font-size: 110%\">American Express do 6 rata<\/span><\/li>\n<li><span style=\"font-size: 110%\">MasterCard i Visa karticom Zagreba\u010dke banke do 24 rate<\/span><\/li>\n<li><span style=\"font-size: 110%\">Diners do 12 rata<\/span><\/li>\n<li><span style=\"font-size: 110%\">PBZ Visa i Maestro debitne do 6 rata<\/span><\/li>\n<\/ul>\n","protected":false},"excerpt":{"rendered":"<p>Na\u010dini pla\u0107anja PLA\u0106ANJE ONLINE Uplatom:\u00a0internet bankarstvom ili uplatnicom. Nakon napravljene narud\u017ebe na Va\u0161 email \u0107e sti\u0107i ponuda po kojoj vr\u0161ite uplatu virmanom, op\u0107om uplatnicom ili internet bankarstvom. Po primitku uplate stavljamo robu na isporuku GLS-u. Uplate po karticama isporu\u010dujemo slijede\u0107i radni dan po primitku obavijesti o odobrenju od banke. Karticama on-line odjednom:\u00a0 Diners American Express [&#8230;]\n","protected":false},"author":1,"featured_media":0,"parent":0,"menu_order":0,"comment_status":"closed","ping_status":"closed","template":"page-left-sidebar.php","meta":{"footnotes":""},"_links":{"self":[{"href":"https:\/\/com2000.hr\/trgovina\/wp-json\/wp\/v2\/pages\/5870"}],"collection":[{"href":"https:\/\/com2000.hr\/trgovina\/wp-json\/wp\/v2\/pages"}],"about":[{"href":"https:\/\/com2000.hr\/trgovina\/wp-json\/wp\/v2\/types\/page"}],"author":[{"embeddable":true,"href":"https:\/\/com2000.hr\/trgovina\/wp-json\/wp\/v2\/users\/1"}],"replies":[{"embeddable":true,"href":"https:\/\/com2000.hr\/trgovina\/wp-json\/wp\/v2\/comments?post=5870"}],"version-history":[{"count":6,"href":"https:\/\/com2000.hr\/trgovina\/wp-json\/wp\/v2\/pages\/5870\/revisions"}],"predecessor-version":[{"id":7771,"href":"https:\/\/com2000.hr\/trgovina\/wp-json\/wp\/v2\/pages\/5870\/revisions\/7771"}],"wp:attachment":[{"href":"https:\/\/com2000.hr\/trgovina\/wp-json\/wp\/v2\/media?parent=5870"}],"curies":[{"name":"wp","href":"https:\/\/api.w.org\/{rel}","templated":true}]}}